{"id":18717,"date":"2026-04-15T18:21:28","date_gmt":"2026-04-15T17:21:28","guid":{"rendered":"https:\/\/festivalcapuchos.com\/?post_type=artista&#038;p=18717"},"modified":"2026-04-15T18:21:28","modified_gmt":"2026-04-15T17:21:28","slug":"antonio-lourenco-menezes-e-rita-morao-tavares","status":"publish","type":"artista","link":"https:\/\/festivalcapuchos.com\/en\/artista\/antonio-lourenco-menezes-e-rita-morao-tavares\/","title":{"rendered":"Ant\u00f3nio Louren\u00e7o Menezes e Rita Mor\u00e3o Tavares"},"content":{"rendered":"","protected":false},"featured_media":0,"template":"","categories":[],"ano":[85,32],"com-pagina":[],"class_list":["post-18717","artista","type-artista","status-publish","hentry","ano-85","ano-corrente","entry"],"acf":[],"aioseo_notices":[],"_links":{"self":[{"href":"https:\/\/festivalcapuchos.com\/en\/wp-json\/wp\/v2\/artista\/18717","targetHints":{"allow":["GET"]}}],"collection":[{"href":"https:\/\/festivalcapuchos.com\/en\/wp-json\/wp\/v2\/artista"}],"about":[{"href":"https:\/\/festivalcapuchos.com\/en\/wp-json\/wp\/v2\/types\/artista"}],"wp:attachment":[{"href":"https:\/\/festivalcapuchos.com\/en\/wp-json\/wp\/v2\/media?parent=18717"}],"wp:term":[{"taxonomy":"category","embeddable":true,"href":"https:\/\/festivalcapuchos.com\/en\/wp-json\/wp\/v2\/categories?post=18717"},{"taxonomy":"ano","embeddable":true,"href":"https:\/\/festivalcapuchos.com\/en\/wp-json\/wp\/v2\/ano?post=18717"},{"taxonomy":"com-pagina","embeddable":true,"href":"https:\/\/festivalcapuchos.com\/en\/wp-json\/wp\/v2\/com-pagina?post=18717"}],"curies":[{"name":"wp","href":"https:\/\/api.w.org\/{rel}","templated":true}]}}

António Lourenço Menezes e Rita Morão Tavares
