{"id":6389,"date":"2023-03-13T12:19:43","date_gmt":"2023-03-13T12:19:43","guid":{"rendered":"https:\/\/festivalcapuchos.com\/?page_id=6389"},"modified":"2024-03-05T21:18:41","modified_gmt":"2024-03-05T21:18:41","slug":"convento-dos-capuchos","status":"publish","type":"page","link":"https:\/\/festivalcapuchos.com\/en\/sobre_2023\/convento-dos-capuchos\/","title":{"rendered":"Convento dos Capuchos"},"content":{"rendered":"<div data-elementor-type=\"wp-page\" data-elementor-id=\"6389\" class=\"elementor elementor-6389\" data-elementor-post-type=\"page\">\n\t\t\t\t\t\t<section class=\"elementor-section elementor-top-section elementor-element elementor-element-3bf146a3 elementor-section-boxed elementor-section-height-default elementor-section-height-default\" data-id=\"3bf146a3\" data-element_type=\"section\" data-e-type=\"section\">\n\t\t\t\t\t\t<div class=\"elementor-container elementor-column-gap-default\">\n\t\t\t\t\t\t<\/div>\n\t\t<\/section>\n\t\t\t\t<section class=\"elementor-section elementor-top-section elementor-element elementor-element-3a93fec6 elementor-section-boxed elementor-section-height-default elementor-section-height-default\" data-id=\"3a93fec6\" data-element_type=\"section\" data-e-type=\"section\">\n\t\t\t\t\t\t<div class=\"elementor-container elementor-column-gap-default\">\n\t\t\t\t\t\t<\/div>\n\t\t<\/section>\n\t\t\t\t<section class=\"elementor-section elementor-top-section elementor-element elementor-element-4be8641a elementor-section-full_width elementor-section-height-default elementor-section-height-default\" data-id=\"4be8641a\" data-element_type=\"section\" data-e-type=\"section\" data-settings=\"{&quot;background_background&quot;:&quot;classic&quot;}\">\n\t\t\t\t\t\t<div class=\"elementor-container elementor-column-gap-no\">\n\t\t\t\t\t<div class=\"elementor-column elementor-col-100 elementor-top-column elementor-element elementor-element-4bd52446\" data-id=\"4bd52446\" data-element_type=\"column\" data-e-type=\"column\">\n\t\t\t<div class=\"elementor-widget-wrap elementor-element-populated\">\n\t\t\t\t\t\t<div class=\"elementor-element elementor-element-48fdc02 elementor-widget elementor-widget-spacer\" data-id=\"48fdc02\" data-element_type=\"widget\" data-e-type=\"widget\" data-widget_type=\"spacer.default\">\n\t\t\t\t<div class=\"elementor-widget-container\">\n\t\t\t\t\t\t\t<div class=\"elementor-spacer\">\n\t\t\t<div class=\"elementor-spacer-inner\"><\/div>\n\t\t<\/div>\n\t\t\t\t\t\t<\/div>\n\t\t\t\t<\/div>\n\t\t\t\t\t<\/div>\n\t\t<\/div>\n\t\t\t\t\t<\/div>\n\t\t<\/section>\n\t\t\t\t<section class=\"elementor-section elementor-top-section elementor-element elementor-element-581aa629 elementor-section-boxed elementor-section-height-default elementor-section-height-default\" data-id=\"581aa629\" data-element_type=\"section\" data-e-type=\"section\">\n\t\t\t\t\t\t<div class=\"elementor-container elementor-column-gap-default\">\n\t\t\t\t\t\t<\/div>\n\t\t<\/section>\n\t\t\t\t<section class=\"elementor-section elementor-top-section elementor-element elementor-element-74d3b83 elementor-section-boxed elementor-section-height-default elementor-section-height-default\" data-id=\"74d3b83\" data-element_type=\"section\" data-e-type=\"section\" data-settings=\"{&quot;background_background&quot;:&quot;classic&quot;}\">\n\t\t\t\t\t\t<div class=\"elementor-container elementor-column-gap-default\">\n\t\t\t\t\t<div class=\"elementor-column elementor-col-16 elementor-top-column elementor-element elementor-element-61dcd7e\" data-id=\"61dcd7e\" data-element_type=\"column\" data-e-type=\"column\">\n\t\t\t<div class=\"elementor-widget-wrap\">\n\t\t\t\t\t\t\t<\/div>\n\t\t<\/div>\n\t\t\t\t<div class=\"elementor-column elementor-col-66 elementor-top-column elementor-element elementor-element-893f871\" data-id=\"893f871\" data-element_type=\"column\" data-e-type=\"column\">\n\t\t\t<div class=\"elementor-widget-wrap elementor-element-populated\">\n\t\t\t\t\t\t<div class=\"elementor-element elementor-element-0c993be elementor-widget elementor-widget-text-editor\" data-id=\"0c993be\" data-element_type=\"widget\" data-e-type=\"widget\" data-widget_type=\"text-editor.default\">\n\t\t\t\t<div class=\"elementor-widget-container\">\n\t\t\t\t\t\t\t\t\t<h2>Convento dos Capuchos<\/h2>\t\t\t\t\t\t\t\t<\/div>\n\t\t\t\t<\/div>\n\t\t\t\t\t<\/div>\n\t\t<\/div>\n\t\t\t\t<div class=\"elementor-column elementor-col-16 elementor-top-column elementor-element elementor-element-71def5f\" data-id=\"71def5f\" data-element_type=\"column\" data-e-type=\"column\">\n\t\t\t<div class=\"elementor-widget-wrap\">\n\t\t\t\t\t\t\t<\/div>\n\t\t<\/div>\n\t\t\t\t\t<\/div>\n\t\t<\/section>\n\t\t\t\t<section class=\"elementor-section elementor-top-section elementor-element elementor-element-e5c54cb elementor-section-boxed elementor-section-height-default elementor-section-height-default\" data-id=\"e5c54cb\" data-element_type=\"section\" data-e-type=\"section\" data-settings=\"{&quot;background_background&quot;:&quot;classic&quot;}\">\n\t\t\t\t\t\t<div class=\"elementor-container elementor-column-gap-default\">\n\t\t\t\t\t<div class=\"elementor-column elementor-col-16 elementor-top-column elementor-element elementor-element-f4021d5\" data-id=\"f4021d5\" data-element_type=\"column\" data-e-type=\"column\">\n\t\t\t<div class=\"elementor-widget-wrap\">\n\t\t\t\t\t\t\t<\/div>\n\t\t<\/div>\n\t\t\t\t<div class=\"elementor-column elementor-col-66 elementor-top-column elementor-element elementor-element-3f39d5b4\" data-id=\"3f39d5b4\" data-element_type=\"column\" data-e-type=\"column\">\n\t\t\t<div class=\"elementor-widget-wrap elementor-element-populated\">\n\t\t\t\t\t\t<div class=\"elementor-element elementor-element-d31b5e7 elementor-widget elementor-widget-image\" data-id=\"d31b5e7\" data-element_type=\"widget\" data-e-type=\"widget\" data-widget_type=\"image.default\">\n\t\t\t\t<div class=\"elementor-widget-container\">\n\t\t\t\t\t\t\t\t\t\t\t\t\t\t\t<img fetchpriority=\"high\" decoding=\"async\" width=\"1024\" height=\"311\" src=\"https:\/\/festivalcapuchos.com\/wp-content\/uploads\/2021\/05\/RC05117_ritacarmoxxx-1024x311.png\" class=\"attachment-large size-large wp-image-2560\" alt=\"\" srcset=\"https:\/\/festivalcapuchos.com\/wp-content\/uploads\/2021\/05\/RC05117_ritacarmoxxx-1024x311.png 1024w, https:\/\/festivalcapuchos.com\/wp-content\/uploads\/2021\/05\/RC05117_ritacarmoxxx-300x91.png 300w, https:\/\/festivalcapuchos.com\/wp-content\/uploads\/2021\/05\/RC05117_ritacarmoxxx-768x233.png 768w, https:\/\/festivalcapuchos.com\/wp-content\/uploads\/2021\/05\/RC05117_ritacarmoxxx-1536x467.png 1536w, https:\/\/festivalcapuchos.com\/wp-content\/uploads\/2021\/05\/RC05117_ritacarmoxxx-2048x622.png 2048w\" sizes=\"(max-width: 1024px) 100vw, 1024px\" \/>\t\t\t\t\t\t\t\t\t\t\t\t\t\t\t<\/div>\n\t\t\t\t<\/div>\n\t\t\t\t<div class=\"elementor-element elementor-element-30bd8ba0 elementor-drop-cap-yes elementor-drop-cap-view-default elementor-widget elementor-widget-text-editor\" data-id=\"30bd8ba0\" data-element_type=\"widget\" data-e-type=\"widget\" data-settings=\"{&quot;drop_cap&quot;:&quot;yes&quot;}\" data-widget_type=\"text-editor.default\">\n\t\t\t\t<div class=\"elementor-widget-container\">\n\t\t\t\t\t\t\t\t\t<p>The Convento dos Capuchos is a former convent of the Order of Saint Francis, located in the Protected Landscape of Arriba F\u00f3ssil da Costa de Caparica, in the municipality of Almada, from which you can see not only the Costa de Caparica,  and its extensive beach coast, but also a splendid landscape of the coast of Lisbon, Estoril and Cascais.<\/p><p>The elegant lines of the Convent establish the balance with the magnificent view achieved from its location over the Atlantic, where Tagus meets the sea.  The building's simplicity reflects the Franciscan principles of the community that built the Convent in the 16th century.<\/p><p>Recovered by the Municipality of Almada in 2000, the building maintains its original design combined with the conditions of a small but modern cultural center, particularly devoted to \u200b\u200bmusic and the visual arts.<br \/>Between 1980 and 2001, under the artistic direction of Jos\u00e9 Adelino Tacanho, the Convent was the stage of Festival de M\u00fasica dos Capuchos, an event that left an indelible mark on the county's cultural identity.<\/p><p>Twenty years later, in 2021, the Festival returned to Convento dos Capuchos as a new breath of hope that manifests itself in the universal beauty of music, now under the direction of Filipe Pinto-Ribeiro.<\/p>\t\t\t\t\t\t\t\t<\/div>\n\t\t\t\t<\/div>\n\t\t\t\t\t<\/div>\n\t\t<\/div>\n\t\t\t\t<div class=\"elementor-column elementor-col-16 elementor-top-column elementor-element elementor-element-6f24ce5e\" data-id=\"6f24ce5e\" data-element_type=\"column\" data-e-type=\"column\">\n\t\t\t<div class=\"elementor-widget-wrap\">\n\t\t\t\t\t\t\t<\/div>\n\t\t<\/div>\n\t\t\t\t\t<\/div>\n\t\t<\/section>\n\t\t\t\t<section class=\"elementor-section elementor-top-section elementor-element elementor-element-6f2f0d88 elementor-section-boxed elementor-section-height-default elementor-section-height-default\" data-id=\"6f2f0d88\" data-element_type=\"section\" data-e-type=\"section\">\n\t\t\t\t\t\t<div class=\"elementor-container elementor-column-gap-default\">\n\t\t\t\t\t\t<\/div>\n\t\t<\/section>\n\t\t\t\t<section class=\"elementor-section elementor-top-section elementor-element elementor-element-3555716 elementor-section-boxed elementor-section-height-default elementor-section-height-default\" data-id=\"3555716\" data-element_type=\"section\" data-e-type=\"section\">\n\t\t\t\t\t\t<div class=\"elementor-container elementor-column-gap-default\">\n\t\t\t\t\t\t<\/div>\n\t\t<\/section>\n\t\t\t\t<section class=\"elementor-section elementor-top-section elementor-element elementor-element-759568f6 elementor-section-boxed elementor-section-height-default elementor-section-height-default\" data-id=\"759568f6\" data-element_type=\"section\" data-e-type=\"section\">\n\t\t\t\t\t\t<div class=\"elementor-container elementor-column-gap-default\">\n\t\t\t\t\t\t<\/div>\n\t\t<\/section>\n\t\t\t\t<section class=\"elementor-section elementor-top-section elementor-element elementor-element-7be9e800 elementor-section-boxed elementor-section-height-default elementor-section-height-default\" data-id=\"7be9e800\" data-element_type=\"section\" data-e-type=\"section\">\n\t\t\t\t\t\t<div class=\"elementor-container elementor-column-gap-default\">\n\t\t\t\t\t\t<\/div>\n\t\t<\/section>\n\t\t\t\t<\/div>","protected":false},"excerpt":{"rendered":"<p>Convento dos Capuchos O Convento dos Capuchos \u00e9 um antigo convento da Ordem de S\u00e3o Francisco que fica localizado na \u00e1rea da Paisagem Protegida da Arriba F\u00f3ssil da Costa de Caparica, no concelho de Almada, e a partir do qual se pode observar n\u00e3o s\u00f3 a Costa de Caparica e a sua extensa costa de [&hellip;]<\/p>\n","protected":false},"author":5,"featured_media":0,"parent":2774,"menu_order":0,"comment_status":"closed","ping_status":"closed","template":"","meta":{"_acf_changed":false,"ocean_post_layout":"","ocean_both_sidebars_style":"","ocean_both_sidebars_content_width":0,"ocean_both_sidebars_sidebars_width":0,"ocean_sidebar":"0","ocean_second_sidebar":"0","ocean_disable_margins":"enable","ocean_add_body_class":"","ocean_shortcode_before_top_bar":"","ocean_shortcode_after_top_bar":"","ocean_shortcode_before_header":"","ocean_shortcode_after_header":"","ocean_has_shortcode":"","ocean_shortcode_after_title":"","ocean_shortcode_before_footer_widgets":"","ocean_shortcode_after_footer_widgets":"","ocean_shortcode_before_footer_bottom":"","ocean_shortcode_after_footer_bottom":"","ocean_display_top_bar":"default","ocean_display_header":"default","ocean_header_style":"","ocean_center_header_left_menu":"0","ocean_custom_header_template":"0","ocean_custom_logo":0,"ocean_custom_retina_logo":0,"ocean_custom_logo_max_width":0,"ocean_custom_logo_tablet_max_width":0,"ocean_custom_logo_mobile_max_width":0,"ocean_custom_logo_max_height":0,"ocean_custom_logo_tablet_max_height":0,"ocean_custom_logo_mobile_max_height":0,"ocean_header_custom_menu":"0","ocean_menu_typo_font_family":"0","ocean_menu_typo_font_subset":"","ocean_menu_typo_font_size":0,"ocean_menu_typo_font_size_tablet":0,"ocean_menu_typo_font_size_mobile":0,"ocean_menu_typo_font_size_unit":"px","ocean_menu_typo_font_weight":"","ocean_menu_typo_font_weight_tablet":"","ocean_menu_typo_font_weight_mobile":"","ocean_menu_typo_transform":"","ocean_menu_typo_transform_tablet":"","ocean_menu_typo_transform_mobile":"","ocean_menu_typo_line_height":0,"ocean_menu_typo_line_height_tablet":0,"ocean_menu_typo_line_height_mobile":0,"ocean_menu_typo_line_height_unit":"","ocean_menu_typo_spacing":0,"ocean_menu_typo_spacing_tablet":0,"ocean_menu_typo_spacing_mobile":0,"ocean_menu_typo_spacing_unit":"","ocean_menu_link_color":"","ocean_menu_link_color_hover":"","ocean_menu_link_color_active":"","ocean_menu_link_background":"","ocean_menu_link_hover_background":"","ocean_menu_link_active_background":"","ocean_menu_social_links_bg":"","ocean_menu_social_hover_links_bg":"","ocean_menu_social_links_color":"","ocean_menu_social_hover_links_color":"","ocean_disable_title":"default","ocean_disable_heading":"default","ocean_post_title":"","ocean_post_subheading":"","ocean_post_title_style":"","ocean_post_title_background_color":"","ocean_post_title_background":0,"ocean_post_title_bg_image_position":"","ocean_post_title_bg_image_attachment":"","ocean_post_title_bg_image_repeat":"","ocean_post_title_bg_image_size":"","ocean_post_title_height":0,"ocean_post_title_bg_overlay":0.5,"ocean_post_title_bg_overlay_color":"","ocean_disable_breadcrumbs":"default","ocean_breadcrumbs_color":"","ocean_breadcrumbs_separator_color":"","ocean_breadcrumbs_links_color":"","ocean_breadcrumbs_links_hover_color":"","ocean_display_footer_widgets":"default","ocean_display_footer_bottom":"default","ocean_custom_footer_template":"0","footnotes":""},"class_list":["post-6389","page","type-page","status-publish","hentry","entry"],"acf":[],"aioseo_notices":[],"_links":{"self":[{"href":"https:\/\/festivalcapuchos.com\/en\/wp-json\/wp\/v2\/pages\/6389","targetHints":{"allow":["GET"]}}],"collection":[{"href":"https:\/\/festivalcapuchos.com\/en\/wp-json\/wp\/v2\/pages"}],"about":[{"href":"https:\/\/festivalcapuchos.com\/en\/wp-json\/wp\/v2\/types\/page"}],"author":[{"embeddable":true,"href":"https:\/\/festivalcapuchos.com\/en\/wp-json\/wp\/v2\/users\/5"}],"replies":[{"embeddable":true,"href":"https:\/\/festivalcapuchos.com\/en\/wp-json\/wp\/v2\/comments?post=6389"}],"version-history":[{"count":0,"href":"https:\/\/festivalcapuchos.com\/en\/wp-json\/wp\/v2\/pages\/6389\/revisions"}],"up":[{"embeddable":true,"href":"https:\/\/festivalcapuchos.com\/en\/wp-json\/wp\/v2\/pages\/2774"}],"wp:attachment":[{"href":"https:\/\/festivalcapuchos.com\/en\/wp-json\/wp\/v2\/media?parent=6389"}],"curies":[{"name":"wp","href":"https:\/\/api.w.org\/{rel}","templated":true}]}}

<div data-elementor-type="wp-page" data-elementor-id="6389" class="elementor elementor-6389" data-elementor-post-type="page">
						<section class="elementor-section elementor-top-section elementor-element elementor-element-3bf146a3 elementor-section-boxed elementor-section-height-default elementor-section-height-default" data-id="3bf146a3" data-element_type="section" data-e-type="section">
						<div class="elementor-container elementor-column-gap-default">
						</div>
		</section>
				<section class="elementor-section elementor-top-section elementor-element elementor-element-3a93fec6 elementor-section-boxed elementor-section-height-default elementor-section-height-default" data-id="3a93fec6" data-element_type="section" data-e-type="section">
						<div class="elementor-container elementor-column-gap-default">
						</div>
		</section>
				<section class="elementor-section elementor-top-section elementor-element elementor-element-4be8641a elementor-section-full_width elementor-section-height-default elementor-section-height-default" data-id="4be8641a" data-element_type="section" data-e-type="section" data-settings="{&quot;background_background&quot;:&quot;classic&quot;}">
						<div class="elementor-container elementor-column-gap-no">
					<div class="elementor-column elementor-col-100 elementor-top-column elementor-element elementor-element-4bd52446" data-id="4bd52446" data-element_type="column" data-e-type="column">
			<div class="elementor-widget-wrap elementor-element-populated">
						<div class="elementor-element elementor-element-48fdc02 elementor-widget elementor-widget-spacer" data-id="48fdc02" data-element_type="widget" data-e-type="widget" data-widget_type="spacer.default">
				<div class="elementor-widget-container">
							<div class="elementor-spacer">
			<div class="elementor-spacer-inner"></div>
		</div>
						</div>
				</div>
					</div>
		</div>
					</div>
		</section>
				<section class="elementor-section elementor-top-section elementor-element elementor-element-581aa629 elementor-section-boxed elementor-section-height-default elementor-section-height-default" data-id="581aa629" data-element_type="section" data-e-type="section">
						<div class="elementor-container elementor-column-gap-default">
						</div>
		</section>
				<section class="elementor-section elementor-top-section elementor-element elementor-element-74d3b83 elementor-section-boxed elementor-section-height-default elementor-section-height-default" data-id="74d3b83" data-element_type="section" data-e-type="section" data-settings="{&quot;background_background&quot;:&quot;classic&quot;}">
						<div class="elementor-container elementor-column-gap-default">
					<div class="elementor-column elementor-col-16 elementor-top-column elementor-element elementor-element-61dcd7e" data-id="61dcd7e" data-element_type="column" data-e-type="column">
			<div class="elementor-widget-wrap">
							</div>
		</div>
				<div class="elementor-column elementor-col-66 elementor-top-column elementor-element elementor-element-893f871" data-id="893f871" data-element_type="column" data-e-type="column">
			<div class="elementor-widget-wrap elementor-element-populated">
						<div class="elementor-element elementor-element-0c993be elementor-widget elementor-widget-text-editor" data-id="0c993be" data-element_type="widget" data-e-type="widget" data-widget_type="text-editor.default">
				<div class="elementor-widget-container">
									<h2>Convento dos Capuchos</h2>								</div>
				</div>
					</div>
		</div>
				<div class="elementor-column elementor-col-16 elementor-top-column elementor-element elementor-element-71def5f" data-id="71def5f" data-element_type="column" data-e-type="column">
			<div class="elementor-widget-wrap">
							</div>
		</div>
					</div>
		</section>
				<section class="elementor-section elementor-top-section elementor-element elementor-element-e5c54cb elementor-section-boxed elementor-section-height-default elementor-section-height-default" data-id="e5c54cb" data-element_type="section" data-e-type="section" data-settings="{&quot;background_background&quot;:&quot;classic&quot;}">
						<div class="elementor-container elementor-column-gap-default">
					<div class="elementor-column elementor-col-16 elementor-top-column elementor-element elementor-element-f4021d5" data-id="f4021d5" data-element_type="column" data-e-type="column">
			<div class="elementor-widget-wrap">
							</div>
		</div>
				<div class="elementor-column elementor-col-66 elementor-top-column elementor-element elementor-element-3f39d5b4" data-id="3f39d5b4" data-element_type="column" data-e-type="column">
			<div class="elementor-widget-wrap elementor-element-populated">
						<div class="elementor-element elementor-element-d31b5e7 elementor-widget elementor-widget-image" data-id="d31b5e7" data-element_type="widget" data-e-type="widget" data-widget_type="image.default">
				<div class="elementor-widget-container">
															<img fetchpriority="high" decoding="async" width="1024" height="311" src="https://festivalcapuchos.com/wp-content/uploads/2021/05/RC05117_ritacarmoxxx-1024x311.png" class="attachment-large size-large wp-image-2560" alt="" srcset="https://festivalcapuchos.com/wp-content/uploads/2021/05/RC05117_ritacarmoxxx-1024x311.png 1024w, https://festivalcapuchos.com/wp-content/uploads/2021/05/RC05117_ritacarmoxxx-300x91.png 300w, https://festivalcapuchos.com/wp-content/uploads/2021/05/RC05117_ritacarmoxxx-768x233.png 768w, https://festivalcapuchos.com/wp-content/uploads/2021/05/RC05117_ritacarmoxxx-1536x467.png 1536w, https://festivalcapuchos.com/wp-content/uploads/2021/05/RC05117_ritacarmoxxx-2048x622.png 2048w" sizes="(max-width: 1024px) 100vw, 1024px" />															</div>
				</div>
				<div class="elementor-element elementor-element-30bd8ba0 elementor-drop-cap-yes elementor-drop-cap-view-default elementor-widget elementor-widget-text-editor" data-id="30bd8ba0" data-element_type="widget" data-e-type="widget" data-settings="{&quot;drop_cap&quot;:&quot;yes&quot;}" data-widget_type="text-editor.default">
				<div class="elementor-widget-container">
									<p>The Convento dos Capuchos is a former convent of the Order of Saint Francis, located in the Protected Landscape of Arriba Fóssil da Costa de Caparica, in the municipality of Almada, from which you can see not only the Costa de Caparica,  and its extensive beach coast, but also a splendid landscape of the coast of Lisbon, Estoril and Cascais.</p><p>The elegant lines of the Convent establish the balance with the magnificent view achieved from its location over the Atlantic, where Tagus meets the sea.  The building's simplicity reflects the Franciscan principles of the community that built the Convent in the 16th century.</p><p>Recovered by the Municipality of Almada in 2000, the building maintains its original design combined with the conditions of a small but modern cultural center, particularly devoted to ​​music and the visual arts.<br />Between 1980 and 2001, under the artistic direction of José Adelino Tacanho, the Convent was the stage of Festival de Música dos Capuchos, an event that left an indelible mark on the county's cultural identity.</p><p>Twenty years later, in 2021, the Festival returned to Convento dos Capuchos as a new breath of hope that manifests itself in the universal beauty of music, now under the direction of Filipe Pinto-Ribeiro.</p>								</div>
				</div>
					</div>
		</div>
				<div class="elementor-column elementor-col-16 elementor-top-column elementor-element elementor-element-6f24ce5e" data-id="6f24ce5e" data-element_type="column" data-e-type="column">
			<div class="elementor-widget-wrap">
							</div>
		</div>
					</div>
		</section>
				<section class="elementor-section elementor-top-section elementor-element elementor-element-6f2f0d88 elementor-section-boxed elementor-section-height-default elementor-section-height-default" data-id="6f2f0d88" data-element_type="section" data-e-type="section">
						<div class="elementor-container elementor-column-gap-default">
						</div>
		</section>
				<section class="elementor-section elementor-top-section elementor-element elementor-element-3555716 elementor-section-boxed elementor-section-height-default elementor-section-height-default" data-id="3555716" data-element_type="section" data-e-type="section">
						<div class="elementor-container elementor-column-gap-default">
						</div>
		</section>
				<section class="elementor-section elementor-top-section elementor-element elementor-element-759568f6 elementor-section-boxed elementor-section-height-default elementor-section-height-default" data-id="759568f6" data-element_type="section" data-e-type="section">
						<div class="elementor-container elementor-column-gap-default">
						</div>
		</section>
				<section class="elementor-section elementor-top-section elementor-element elementor-element-7be9e800 elementor-section-boxed elementor-section-height-default elementor-section-height-default" data-id="7be9e800" data-element_type="section" data-e-type="section">
						<div class="elementor-container elementor-column-gap-default">
						</div>
		</section>
				</div>

<p>Convento dos Capuchos O Convento dos Capuchos é um antigo convento da Ordem de São Francisco que fica localizado na área da Paisagem Protegida da Arriba Fóssil da Costa de Caparica, no concelho de Almada, e a partir do qual se pode observar não só a Costa de Caparica e a sua extensa costa de [&hellip;]</p>
